[INFO] fetching crate rsql-rs 0.2.0...
[INFO] checking rsql-rs-0.2.0 against master#9610dfe5a9a731ced1ea4923ecbd0c57fe367898 for beta-170-4
[INFO] extracting crate rsql-rs 0.2.0 into /workspace/builds/worker-0-tc1/source
[INFO] validating manifest of crates.io crate rsql-rs 0.2.0 on toolchain 9610dfe5a9a731ced1ea4923ecbd0c57fe367898
[INFO] running `Command { std: CARGO_HOME="/workspace/cargo-home" RUSTUP_HOME="/workspace/rustup-home" "/workspace/cargo-home/bin/cargo" "+9610dfe5a9a731ced1ea4923ecbd0c57fe367898" "metadata" "--manifest-path" "Cargo.toml" "--no-deps", kill_on_drop: false }`
[INFO] removed /workspace/builds/worker-0-tc1/source/rust-toolchain
[INFO] started tweaking crates.io crate rsql-rs 0.2.0
[INFO] finished tweaking crates.io crate rsql-rs 0.2.0
[INFO] tweaked toml for crates.io crate rsql-rs 0.2.0 written to /workspace/builds/worker-0-tc1/source/Cargo.toml
[INFO] running `Command { std: CARGO_HOME="/workspace/cargo-home" RUSTUP_HOME="/workspace/rustup-home" __CARGO_TEST_CHANNEL_OVERRIDE_DO_NOT_USE_THIS="nightly" "/workspace/cargo-home/bin/cargo" "+9610dfe5a9a731ced1ea4923ecbd0c57fe367898" "generate-lockfile" "--manifest-path" "Cargo.toml" "-Zno-index-update", kill_on_drop: false }`
[INFO] running `Command { std: CARGO_HOME="/workspace/cargo-home" RUSTUP_HOME="/workspace/rustup-home" "/workspace/cargo-home/bin/cargo" "+9610dfe5a9a731ced1ea4923ecbd0c57fe367898" "fetch" "--manifest-path" "Cargo.toml", kill_on_drop: false }`
[INFO] [stderr]  Downloading crates ...
[INFO] [stderr]   Downloaded sha-1 v0.7.0
[INFO] [stderr]   Downloaded pest_meta v2.0.3
[INFO] [stderr]   Downloaded generic-array v0.9.1
[INFO] [stderr]   Downloaded pest_generator v2.0.0
[INFO] [stderr]   Downloaded frunk v0.3.2
[INFO] [stderr]   Downloaded frunk_derives v0.3.2
[INFO] [stderr]   Downloaded frunk_proc_macros_impl v0.0.5
[INFO] [stderr]   Downloaded frunk_proc_macro_helpers v0.0.5
[INFO] [stderr]   Downloaded frunk_proc_macros v0.0.5
[INFO] [stderr]   Downloaded frunk_core v0.3.2
[INFO] [stderr]   Downloaded pest v2.0.2
[INFO] [stderr]   Downloaded pest_derive v2.0.1
[INFO] running `Command { std: "docker" "create" "-v" "/var/lib/crater-agent-workspace/builds/worker-0-tc1/target:/opt/rustwide/target:rw,Z" "-v" "/var/lib/crater-agent-workspace/builds/worker-0-tc1/source:/opt/rustwide/workdir:ro,Z" "-v" "/var/lib/crater-agent-workspace/cargo-home:/opt/rustwide/cargo-home:ro,Z" "-v" "/var/lib/crater-agent-workspace/rustup-home:/opt/rustwide/rustup-home:ro,Z" "-e" "SOURCE_DIR=/opt/rustwide/workdir" "-e" "CARGO_TARGET_DIR=/opt/rustwide/target" "-e" "CARGO_HOME=/opt/rustwide/cargo-home" "-e" "RUSTUP_HOME=/opt/rustwide/rustup-home" "-w" "/opt/rustwide/workdir" "-m" "1610612736" "--user" "0:0" "--network" "none" "ghcr.io/rust-lang/crates-build-env/linux@sha256:19e73879b68f455e41552ea35293514db52ea292d993f571636dbffedb77a1ee" "/opt/rustwide/cargo-home/bin/cargo" "+9610dfe5a9a731ced1ea4923ecbd0c57fe367898" "metadata" "--no-deps" "--format-version=1", kill_on_drop: false }`
[INFO] [stdout] 4f320d2ad6305a5f3bcc9984b02b9bb56e8e94777314e64d8660824a502e870d
[INFO] running `Command { std: "docker" "start" "-a" "4f320d2ad6305a5f3bcc9984b02b9bb56e8e94777314e64d8660824a502e870d", kill_on_drop: false }`
[INFO] running `Command { std: "docker" "inspect" "4f320d2ad6305a5f3bcc9984b02b9bb56e8e94777314e64d8660824a502e870d", kill_on_drop: false }`
[INFO] running `Command { std: "docker" "rm" "-f" "4f320d2ad6305a5f3bcc9984b02b9bb56e8e94777314e64d8660824a502e870d", kill_on_drop: false }`
[INFO] [stdout] 4f320d2ad6305a5f3bcc9984b02b9bb56e8e94777314e64d8660824a502e870d
[INFO] running `Command { std: "docker" "create" "-v" "/var/lib/crater-agent-workspace/builds/worker-0-tc1/target:/opt/rustwide/target:rw,Z" "-v" "/var/lib/crater-agent-workspace/builds/worker-0-tc1/source:/opt/rustwide/workdir:ro,Z" "-v" "/var/lib/crater-agent-workspace/cargo-home:/opt/rustwide/cargo-home:ro,Z" "-v" "/var/lib/crater-agent-workspace/rustup-home:/opt/rustwide/rustup-home:ro,Z" "-e" "SOURCE_DIR=/opt/rustwide/workdir" "-e" "CARGO_TARGET_DIR=/opt/rustwide/target" "-e" "CARGO_INCREMENTAL=0" "-e" "RUST_BACKTRACE=full" "-e" "RUSTFLAGS=--cap-lints=forbid" "-e" "RUSTDOCFLAGS=--cap-lints=forbid" "-e" "CARGO_HOME=/opt/rustwide/cargo-home" "-e" "RUSTUP_HOME=/opt/rustwide/rustup-home" "-w" "/opt/rustwide/workdir" "-m" "1610612736" "--user" "0:0" "--network" "none" "ghcr.io/rust-lang/crates-build-env/linux@sha256:19e73879b68f455e41552ea35293514db52ea292d993f571636dbffedb77a1ee" "/opt/rustwide/cargo-home/bin/cargo" "+9610dfe5a9a731ced1ea4923ecbd0c57fe367898" "check" "--frozen" "--all" "--all-targets" "--message-format=json", kill_on_drop: false }`
[INFO] [stdout] fda2e384f7c8a6920b16a8f14992b00513c67229cbd4f6536257fdb63ba26b26
[INFO] running `Command { std: "docker" "start" "-a" "fda2e384f7c8a6920b16a8f14992b00513c67229cbd4f6536257fdb63ba26b26", kill_on_drop: false }`
[INFO] [stderr]    Compiling proc-macro2 v0.4.30
[INFO] [stderr]    Compiling syn v0.15.44
[INFO] [stderr]    Compiling frunk_core v0.3.2
[INFO] [stderr]    Compiling proc-macro-hack v0.5.20+deprecated
[INFO] [stderr]    Compiling libc v0.2.144
[INFO] [stderr]    Compiling ucd-trie v0.1.5
[INFO] [stderr]    Compiling maplit v1.0.2
[INFO] [stderr]    Compiling syn v1.0.109
[INFO] [stderr]    Compiling anyhow v1.0.71
[INFO] [stderr]    Compiling unicode-segmentation v1.10.1
[INFO] [stderr]     Checking regex-syntax v0.7.2
[INFO] [stderr]    Compiling serde_json v1.0.96
[INFO] [stderr]     Checking quick-error v1.2.3
[INFO] [stderr]    Compiling thiserror v1.0.40
[INFO] [stderr]     Checking aho-corasick v1.0.1
[INFO] [stderr]     Checking humantime v1.3.0
[INFO] [stderr]    Compiling thiserror-impl v1.0.40
[INFO] [stderr]    Compiling pest v2.0.2
[INFO] [stderr]     Checking ryu v1.0.13
[INFO] [stderr]     Checking itoa v1.0.6
[INFO] [stderr]    Compiling heck v0.3.3
[INFO] [stderr]     Checking termcolor v1.2.0
[INFO] [stderr]     Checking strum v0.16.0
[INFO] [stderr]    Compiling quote v0.6.13
[INFO] [stderr]    Compiling pest_meta v2.0.3
[INFO] [stderr]    Compiling syn v0.14.9
[INFO] [stderr]     Checking atty v0.2.14
[INFO] [stderr]     Checking regex v1.8.3
[INFO] [stderr]    Compiling pest_generator v2.0.0
[INFO] [stderr]    Compiling frunk_proc_macro_helpers v0.0.5
[INFO] [stderr]    Compiling strum_macros v0.16.0
[INFO] [stderr]    Compiling frunk_proc_macros_impl v0.0.5
[INFO] [stderr]    Compiling frunk_derives v0.3.2
[INFO] [stderr]     Checking env_logger v0.7.1
[INFO] [stderr]    Compiling pest_derive v2.0.1
[INFO] [stderr]     Checking frunk_proc_macros v0.0.5
[INFO] [stderr]     Checking frunk v0.3.2
[INFO] [stderr]     Checking rsql-rs v0.2.0 (/opt/rustwide/workdir)
[INFO] [stdout] warning: unused import: `crate::ParserResult`
[INFO] [stdout]  --> src/parser/fiql.rs:7:5
[INFO] [stdout]   |
[INFO] [stdout] 7 | use crate::ParserResult;
[INFO] [stdout]   |     ^^^^^^^^^^^^^^^^^^^
[INFO] [stdout]   |
[INFO] [stdout]   = note: `#[warn(unused_imports)]` on by default
[INFO] [stdout] 
[INFO] [stdout] 
[INFO] [stdout] warning: unused import: `crate::ParserResult`
[INFO] [stdout]  --> src/parser/rsql.rs:8:5
[INFO] [stdout]   |
[INFO] [stdout] 8 | use crate::ParserResult;
[INFO] [stdout]   |     ^^^^^^^^^^^^^^^^^^^
[INFO] [stdout] 
[INFO] [stdout] 
[INFO] [stdout] error[E0658]: use of unstable library feature 'error_generic_member_access'
[INFO] [stdout]  --> src/error.rs:5:10
[INFO] [stdout]   |
[INFO] [stdout] 5 | #[derive(Error, Debug)]
[INFO] [stdout]   |          ^^^^^
[INFO] [stdout]   |
[INFO] [stdout]   = note: see issue #99301 <https://github.com/rust-lang/rust/issues/99301> for more information
[INFO] [stdout]   = help: add `#![feature(error_generic_member_access)]` to the crate attributes to enable
[INFO] [stdout]   = note: this error originates in the derive macro `Error` (in Nightly builds, run with -Z macro-backtrace for more info)
[INFO] [stdout] 
[INFO] [stdout] 
[INFO] [stdout] error[E0658]: use of unstable library feature 'provide_any'
[INFO] [stdout]  --> src/error.rs:5:10
[INFO] [stdout]   |
[INFO] [stdout] 5 | #[derive(Error, Debug)]
[INFO] [stdout]   |          ^^^^^
[INFO] [stdout]   |
[INFO] [stdout]   = note: see issue #96024 <https://github.com/rust-lang/rust/issues/96024> for more information
[INFO] [stdout]   = help: add `#![feature(provide_any)]` to the crate attributes to enable
[INFO] [stdout]   = note: this error originates in the derive macro `Error` (in Nightly builds, run with -Z macro-backtrace for more info)
[INFO] [stdout] 
[INFO] [stdout] 
[INFO] [stdout] warning: the feature `backtrace` has been stable since 1.65.0 and no longer requires an attribute to enable
[INFO] [stdout]  --> src/lib.rs:1:12
[INFO] [stdout]   |
[INFO] [stdout] 1 | #![feature(backtrace)]
[INFO] [stdout]   |            ^^^^^^^^^
[INFO] [stdout]   |
[INFO] [stdout]   = note: `#[warn(stable_features)]` on by default
[INFO] [stdout] 
[INFO] [stdout] 
[INFO] [stdout] warning: unused import: `crate::ParserResult`
[INFO] [stdout]  --> src/parser/fiql.rs:7:5
[INFO] [stdout]   |
[INFO] [stdout] 7 | use crate::ParserResult;
[INFO] [stdout]   |     ^^^^^^^^^^^^^^^^^^^
[INFO] [stdout]   |
[INFO] [stdout]   = note: `#[warn(unused_imports)]` on by default
[INFO] [stdout] 
[INFO] [stdout] 
[INFO] [stdout] warning: unused import: `crate::ParserResult`
[INFO] [stdout]  --> src/parser/rsql.rs:8:5
[INFO] [stdout]   |
[INFO] [stdout] 8 | use crate::ParserResult;
[INFO] [stdout]   |     ^^^^^^^^^^^^^^^^^^^
[INFO] [stdout] 
[INFO] [stdout] 
[INFO] [stdout] error[E0658]: use of unstable library feature 'error_generic_member_access'
[INFO] [stdout]  --> src/error.rs:5:10
[INFO] [stdout]   |
[INFO] [stdout] 5 | #[derive(Error, Debug)]
[INFO] [stdout]   |          ^^^^^
[INFO] [stdout]   |
[INFO] [stdout]   = note: see issue #99301 <https://github.com/rust-lang/rust/issues/99301> for more information
[INFO] [stdout]   = help: add `#![feature(error_generic_member_access)]` to the crate attributes to enable
[INFO] [stdout]   = note: this error originates in the derive macro `Error` (in Nightly builds, run with -Z macro-backtrace for more info)
[INFO] [stdout] 
[INFO] [stdout] 
[INFO] [stdout] error[E0658]: use of unstable library feature 'provide_any'
[INFO] [stdout]  --> src/error.rs:5:10
[INFO] [stdout]   |
[INFO] [stdout] 5 | #[derive(Error, Debug)]
[INFO] [stdout]   |          ^^^^^
[INFO] [stdout]   |
[INFO] [stdout]   = note: see issue #96024 <https://github.com/rust-lang/rust/issues/96024> for more information
[INFO] [stdout]   = help: add `#![feature(provide_any)]` to the crate attributes to enable
[INFO] [stdout]   = note: this error originates in the derive macro `Error` (in Nightly builds, run with -Z macro-backtrace for more info)
[INFO] [stdout] 
[INFO] [stdout] 
[INFO] [stdout] warning: the feature `backtrace` has been stable since 1.65.0 and no longer requires an attribute to enable
[INFO] [stdout]  --> src/lib.rs:1:12
[INFO] [stdout]   |
[INFO] [stdout] 1 | #![feature(backtrace)]
[INFO] [stdout]   |            ^^^^^^^^^
[INFO] [stdout]   |
[INFO] [stdout]   = note: `#[warn(stable_features)]` on by default
[INFO] [stdout] 
[INFO] [stdout] 
[INFO] [stdout] error: aborting due to 2 previous errors; 3 warnings emitted
[INFO] [stdout] 
[INFO] [stdout] 
[INFO] [stdout] For more information about this error, try `rustc --explain E0658`.
[INFO] [stdout] 
[INFO] [stderr] error: could not compile `rsql-rs` (lib test) due to 3 previous errors; 3 warnings emitted
[INFO] [stderr] warning: build failed, waiting for other jobs to finish...
[INFO] [stdout] error: aborting due to 2 previous errors; 3 warnings emitted
[INFO] [stdout] 
[INFO] [stdout] 
[INFO] [stdout] For more information about this error, try `rustc --explain E0658`.
[INFO] [stdout] 
[INFO] [stderr] error: could not compile `rsql-rs` (lib) due to 3 previous errors; 3 warnings emitted
[INFO] running `Command { std: "docker" "inspect" "fda2e384f7c8a6920b16a8f14992b00513c67229cbd4f6536257fdb63ba26b26", kill_on_drop: false }`
[INFO] running `Command { std: "docker" "rm" "-f" "fda2e384f7c8a6920b16a8f14992b00513c67229cbd4f6536257fdb63ba26b26", kill_on_drop: false }`
[INFO] [stdout] fda2e384f7c8a6920b16a8f14992b00513c67229cbd4f6536257fdb63ba26b26
